{"id":1152,"date":"2020-12-17T02:23:20","date_gmt":"2020-12-17T02:23:20","guid":{"rendered":"https:\/\/www.aki.com.ec\/catalogo-ropa\/product\/pantalon-beige-de-cintura-ancha-con-elastico-y-bolsillos-laterales\/"},"modified":"2020-12-18T19:57:15","modified_gmt":"2020-12-18T19:57:15","slug":"pantalon-beige-de-cintura-ancha-con-elastico-y-bolsillos-laterales","status":"publish","type":"product","link":"https:\/\/www.aki.com.ec\/catalogo-ropa\/product\/pantalon-beige-de-cintura-ancha-con-elastico-y-bolsillos-laterales\/","title":{"rendered":"PANTAL\u00d3N BEIGE DE CINTURA ANCHA CON EL\u00c1STICO Y BOLSILLOS LATERALES"},"content":{"rendered":"","protected":false},"excerpt":{"rendered":"<p>PANTAL\u00d3N BEIGE CINTURA ANCHA<\/p>\n","protected":false},"featured_media":1151,"template":"","meta":[],"class_list":["post-1152","product","type-product","status-publish","has-post-thumbnail","hentry","product_cat-formal-2","product_cat-mujer","product_cat-pantalon-mujer","product_tag-casual"],"_links":{"self":[{"href":"https:\/\/www.aki.com.ec\/catalogo-ropa\/wp-json\/wp\/v2\/product\/1152","targetHints":{"allow":["GET"]}}],"collection":[{"href":"https:\/\/www.aki.com.ec\/catalogo-ropa\/wp-json\/wp\/v2\/product"}],"about":[{"href":"https:\/\/www.aki.com.ec\/catalogo-ropa\/wp-json\/wp\/v2\/types\/product"}],"wp:featuredmedia":[{"embeddable":true,"href":"https:\/\/www.aki.com.ec\/catalogo-ropa\/wp-json\/wp\/v2\/media\/1151"}],"wp:attachment":[{"href":"https:\/\/www.aki.com.ec\/catalogo-ropa\/wp-json\/wp\/v2\/media?parent=1152"}],"curies":[{"name":"wp","href":"https:\/\/api.w.org\/{rel}","templated":true}]}}